- 123402 = -4*h + 9*t, 2*t + 124830 = 2*h. What is the hundreds digit of h?
4
Let n = 121 + -116. Suppose -958 = -k - 5*q - 0*q, n*k - 4*q = 4674. Suppose -4*h - 3*h = -k. What is the tens digit of h?
3
Suppose 2*s - 12 = -0*s. Let m(l) = l**3 - 9*l**2 + 14*l + 3. Let b be m(7). What is the units digit of s*444/54 + 2/b?
0
Suppose 464615 + 427169 = 113*k - 543090. What is the units digit of k?
8
Suppose -84 = -12*q + 36. Suppose -2*d - n = -271, 11*d + 2*n = q*d + 140. What is the hundreds digit of d?
1
Let k(v) = -50*v - 9. Suppose -20*l = -6 + 46. What is the units digit of k(l)?
1
Let u(p) = 1 - 5 + 23*p + 22*p. Let g be 117/99 - (-4)/(-22). What is the units digit of u(g)?
1
Suppose s = w - 0*w, 5*s = -5*w. Suppose s = -u - 8*u + 1629. Suppose x = -2*m + 75, 3*x - u - 11 = 5*m. What is the tens digit of x?
6
Let i = -1634 - -2832. Suppose 1198 = 2*b + 2*h, -3*b + i = -b - 3*h. What is the hundreds digit of b?
5
Let x = -3288 + 4844. Suppose x = 12*f - 8*f. What is the hundreds digit of f?
3
Suppose -46*r = 32 - 170. Suppose 5*t = r*s + 10357, t - 9*s - 2081 = -6*s. What is the thousands digit of t?
2
Let i be (-2440)/26 - (-16)/(-104). Let m = i + 99. Suppose -927 = -m*n - 4*n. What is the tens digit of n?
0
Let j(m) be the third derivative of -13*m**4/24 + m**3 - 4*m**2. Let c be j(9). Let p = 207 + c. What is the tens digit of p?
9
Suppose -4*r - 132 = 2*t, 1 = -5*r + 6. Let s = t - -507. What is the units digit of s?
9
Let j = 49436 + -29922. What is the tens digit of j?
1
Suppose 53*z = 54*z - 6443. What is the tens digit of z?
4
Let i be 18/(-36)*(-1)/(-1)*4. Let m be 19/(-2) - -1*(-3)/i. Let y(f) = 3*f**2 + 5*f - 15. What is the hundreds digit of y(m)?
1
Let x = -46 - -51. Suppose -x*g = -c + 19 - 64, 0 = c + 3*g + 5. What is the hundreds digit of ((-272)/c)/(3/((-90)/(-4)))?
1
What is the ten thousands digit of (2904/242 + (378332 - 1))*(-1)/(-7)?
5
Let l = 40394 + -25535. What is the tens digit of l?
5
Let o = -131 - -125. What is the hundreds digit of (2810/(-15))/(2/o)?
5
What is the ten thousands digit of 41880 + 27/(486/(-342))?
4
Let p = -947 - -960. Suppose f - 83 = p. What is the units digit of f?
6
Let r = 1973 - 1375. Let v = -427 + r. What is the hundreds digit of v?
1
Let z be (-5 - -4)/(8/840). Let f = z - -1026. What is the hundreds digit of f?
9
Let m = -104 - -114. What is the hundreds digit of 1950/m - (0 - -4)?
1
Let d = 68446 + -37928. What is the tens digit of d?
1
What is the thousands digit of 5 + (4 - 15) + 5 + 7506?
7
Suppose -1141690 = -156*n - 11*n + 1408567. What is the thousands digit of n?
5
Suppose 0 = -10*t - t + 5797. Suppose 2*f + u - 129 = 500, 2*u = -10. Let w = t - f. What is the hundreds digit of w?
2
Suppose -2*m + 8 + 0 = 0. Suppose -m*l + 2*l = -540. Suppose 5*t = l - 50. What is the units digit of t?
4
What is the thousands digit of (-5 + -1131)/(19/(-285))?
7
Let q(l) = 478*l - 9. Let u be q(1). Let k = u + -327. Suppose -2*d = -k - 338. What is the units digit of d?
0
What is the hundreds digit of -1 - (-1224788)/24 - ((-28)/24 - -1)?
0
Suppose -y = -15*u + 10*u + 11, -2*y - 3*u = 87. Let d = y + 459. What is the tens digit of d?
2
Let x = 45 - 40. Suppose -5*z + 215 = -3*h, -5*z - 254 = x*h + 51. What is the tens digit of h/(-1)*(-10)/(-10)?
6
Suppose 23 = 4*g - w, -11*g + w = -14*g + 19. Suppose 1188 = g*u - 300. What is the hundreds digit of u?
2
Suppose 3*r - 1 = 11. Let p = r + 1. Suppose 3*o - 4*n = -o + 152, -155 = -p*o - 2*n. What is the units digit of o?
3
Let s = 45 - 42. Suppose 14 = s*h + 5. Suppose 2*u = 4*v - h*u - 496, 4*v + u = 496. What is the units digit of v?
4
Let c be (-10 - -7)*(0 + 11). Let b = c - -63. Suppose b*z - 420 = 25*z. What is the tens digit of z?
8
Suppose 0 = 3*j - 3, j + 94 = 2*g + 341. Let y = g + 1040. What is the tens digit of y?
1
Let t = -41 - -49. Suppose 4381 = 5*j + t*j. Let n = -158 + j. What is the units digit of n?
9
Let k(l) = -557*l - 6. Let o be k(-1). Let i = o + -368. What is the hundreds digit of i?
1
Let h(i) = 6*i - 119. Let n be h(15). Let c = n + 325. What is the tens digit of c?
9
Let m(c) = 25*c + 36. Let g be m(0). Let z = g - -736. What is the hundreds digit of z?
7
Suppose -5*v + b = -54708, 2*b - 53389 = -4*v - 9617. What is the units digit of v?
2
Let x = -206 - -206. Suppose -718 = -2*g - x*g - 5*o, 0 = g - 2*o - 368. What is the tens digit of g?
6
What is the tens digit of 2 - -2 - (-112 + -1)*437?
8
Let w be (-1 + 0)/(2/4 + -1). What is the units digit of w/(-10) + (-32006)/(-130)?
6
Let f = 158 - 201. Let u = 186 + f. What is the tens digit of u?
4
Let i be ((-4)/16)/((-2)/(-8)) + 0. Let y be (i - 20)*15*2/9. What is the tens digit of ((y/15)/7)/((-1)/201)?
3
Suppose -z - 2*z + b = -115, 5*b = -4*z + 166. Suppose 0 = 5*k + 25, 5*k + z + 283 = m. Suppose 4*i = 239 + m. What is the tens digit of i?
3
Suppose 0*y - 4*y = 164. Let k be ((-33)/(-9))/(2 + y/21). What is the tens digit of (k*2/2)/1?
7
Let i = 9027 + -285. What is the tens digit of i?
4
Let i(x) = 4*x**3 - x**2 + 2*x - 1. Let v be i(1). Suppose v = p + 3. Let b = 14 - p. What is the units digit of b?
3
Let f(a) = 2*a + 20. Suppose -9*v + 381 = -159. Let n = v + -60. What is the tens digit of f(n)?
2
Let n(i) = -2*i**2 - 12*i + 152. Let u be n(7). Let o(m) = -44*m - 132. What is the thousands digit of o(u)?
1
Let k(t) = 7*t**3 + 4*t**2 + t + 12. Let w(d) = d**2. Let m(z) = -k(z) + w(z). What is the units digit of m(-3)?
3
Suppose -3*q = q + 4*t - 160, 2*t = -5*q + 200. Let r(x) = x**3 + 38*x**2 + 7*x + 206. Let p be r(-38). What is the units digit of (624/q)/((-9)/p)?
4
What is the tens digit of (-5 + -3137)*(-42)/84?
7
Suppose 5*s - 184 + 159 = 0. Suppose 0 = -s*l + 5*o + 4805, 11*l - 13*l - 4*o = -1928. What is the hundreds digit of l?
9
Suppose 4*a - 41446 = -2*j, 5*j + 8756 = -2*a + 29499. What is the tens digit of a?
5
Let u = -8197 + 14680. What is the tens digit of u?
8
Let m(i) = -3*i**2 - 70*i - 52. Let f be m(-21). Suppose 96*a = f*a + 1554. What is the thousands digit of a?
1
Suppose 2*u - 4*v = 6*u - 452, -3*u = -3*v - 351. Suppose 2*c + 176 = -2*c. Let k = u + c. What is the tens digit of k?
7
Let u(x) = 2194*x - 18. Let l be u(1). Suppose -176*d = -180*d + l. What is the tens digit of d?
4
Suppose 202888 = -37*k + 67*k - 392162. What is the thousands digit of k?
9
Let y = 237 - 229. Suppose -3*a - 4*i + 3198 = 0, 5*i - 2115 = -2*a + y*i. What is the thousands digit of a?
1
Let x = -42 + 64. Suppose -3*r = -14*r + x. Suppose 0 = 4*v - r*v - 10. What is the units digit of v?
5
Suppose -4*a + 20 = 3*c, -4*c = -2*a - 16 - 40. Suppose -c*l + 7255 = 943. What is the hundreds digit of l?
5
Suppose -36*u + 14*u + 108920 = -8*u. What is the thousands digit of u?
7
Let c(k) = -3*k - 9. Let v be c(-13). Suppose 3*p = 2*b + v, -4*p + 2*b = b - 45. Suppose -152 = p*y - 13*y. What is the tens digit of y?
5
Suppose -6*v + 11*v - 65 = 0. Suppose -1 = w - 4*r - v, 5*w + 9 = -3*r. Suppose 16 - 56 = -2*q - j, w = 4*q + 4*j - 80. What is the units digit of q?
0
Let h(a) = -454*a - 8269. What is the tens digit of h(-77)?
8
Let y(q) = 18*q + 58. Let z(i) = -105 - 131 + 177 - 18*i. Let r(x) = 2*y(x) + 3*z(x). What is the units digit of r(-10)?
9
Suppose 5*g + 11*g = -224. Let r(i) = -6*i + 23. What is the hundreds digit of r(g)?
1
What is the thousands digit of ((-5793)/(-2))/(-4 + 175/42)?
7
Suppose 3*t + 15 = 6*t. Suppose -3*o = -t*a + 16, 0*a + 3*o = 2*a - 1. Suppose 4*h - 946 = -3*l, -2*h - a*l = -5 - 461. What is the units digit of h?
8
Let n be 213/2 - (-2)/(-4). Suppose 3*t + 106 = 2*v, -n = -0*v - 2*v - 3*t. Let m = v - -175. What is the hundreds digit of m?
2
Suppose 11*r = 15*r - 356. Let o = -85 + r. Suppose -v - o*k = -144, 139 + 177 = 2*v + k. What is the tens digit of v?
6
Suppose 1694 = -0*u + 11*u. Let m be 15*(3 - u/10). Let v = -99 - m. What is the units digit of v?
7
Suppose -2*l + 2*g + 9 - 3 = 0, 0 = -g. What is the tens digit of 4/12*l + 47*3?
4
Let t be ((-2)/(-4))/(-1) + 12/24. Suppose -3*b + 3*y + 171 = t, 0 = 9*y - 4*y. What is the units digit of b?
7
Suppose -2*d = -4*a - 11830, -2*d + 5*a = -1179 - 10652. What is the units digit of d?
3
Suppose 180*l + 496*l + 606436 = 27679560. What is the ten thousands digit of l?
4
Suppose 5*j - 4*h = 1774